ate the remainder when h(5) is divided by (10 + -6)*(-22)/(-8).
9
Let m(t) = t**2 + t + 25. Let j be m(0). Suppose -5*h = -j, -s + 4 = -2*s + 2*h. What is the remainder when s is divided by 4?
2
Let m(s) be the first derivative of -3*s**2 + s - 3. What is the remainder when m(-4) is divided by 14?
11
Calculate the remainder when 42 is divided by 157/7 - (-3)/(-7).
20
Calculate the remainder when 21 is divided by (-5 - 4)/((-3)/2).
3
Suppose 0 = 8*r - 22*r + 350. Let q(u) = 12*u**2 + 2*u - 3. What is the remainder when q(-3) is divided by r?
24
Let b(j) = 5*j**3 + 15*j**2 + 4*j + 2. Let g(l) = 6*l**3 + 16*l**2 + 5*l + 1. Let q(s) = 5*b(s) - 4*g(s). What is the remainder when 10 is divided by q(-11)?
4
Let a = -9 + 25. Calculate the remainder when (-278)/(-6) - (-2)/(-6) is divided by a.
14
Let m(b) = 6*b**2 + 2. Let a be (-22)/(-10) - 1/5. What is the remainder when 76 is divided by m(a)?
24
Calculate the remainder when 10 is divided by (16/(-16))/((-2)/12).
4
Calculate the remainder when -1 - 4/(12/(-57)) is divided by 10.
8
Let l(y) = y**2 + y. Let d be l(-2). Let m(w) = 21*w**2. Let g be m(-2). Calculate the remainder when 1/(d/g) + -1 is divided by 14.
13
Let x(m) = 3*m**3 + 5*m - 3. What is the remainder when x(3) is divided by 24?
21
Let x = 66 + -47. What is the remainder when x is divided by 10?
9
Let a(f) = f + 8. Let j = 3 - 1. What is the remainder when a(-6) is divided by (-1*j/(-2))/1?
0
Let i(s) = 3*s**2 + s. Let f be (-2 + 2 + 2)/(-1). Calculate the remainder when i(f) is divided by 6.
4
Let t(q) = 2*q**2 - 16*q + 9. What is the remainder when 25 is divided by t(8)?
7
Suppose -2*i - 33 = -3*i. Let t = -15 + i. Suppose -2*n + 3*q - t = -5*n, q = -2*n + 15. What is the remainder when 17 is divided by n?
8
Suppose -2*w = -6 - 2. Let z = -17 - -47. Suppose z - 9 = 3*n. Calculate the remainder when n is divided by w.
3
Calculate the remainder when 93*(-3 + 33/9) is divided by 21.
20
Suppose 0 = -8*x + 3*x - 10. Let q = 0 + x. Let h(f) = 19*f**2 + 2*f + 1. What is the remainder when h(q) is divided by 25?
23
Suppose 2*n + 0 = -26. Calculate the remainder when 0 - (n + 0 + 0) is divided by 8.
5
Calculate the remainder when 38 is divided by (-4)/(-7) - 528/(-56).
8
Let d(w) = w**3 - 8*w**2 + 3*w - 9. Calculate the remainder when 41 is divided by d(8).
11
Suppose 46 = 2*v + 10. Suppose -v = -s - s. Suppose -71 + 7 = -4*i. Calculate the remainder when i is divided by s.
7
What is the remainder when ((-38)/3)/((-4)/6) is divided by (1/(-2))/(2 + 315/(-154))?
8
Calculate the remainder when (-374)/(-18) + 16/72 is divided by 6.
3
Suppose m + 3*m - 76 = 0. What is the remainder when 73 is divided by m?
16
Suppose -8*k + 480 = 12*k. Calculate the remainder when 41 is divided by k.
17
Let s be (3/(-9))/((-2)/(-18)). Let a(m) = -m**3 + 4*m. What is the remainder when a(s) is divided by 9?
6
Suppose -14 = -2*b + 8. Suppose 3*t + 1 = 94. Calculate the remainder when t is divided by b.
9
Suppose 4*o + 0*o = 84. Calculate the remainder when 3/2 - 225/(-6) is divided by o.
18
Let j = 5 + -4. Suppose -65 = 4*s + 5*n, -n = -j + 2. Let h = -4 - s. Calculate the remainder when 32 is divided by h.
10
Suppose x = 2*x - 2. Let i = x - -5. Let j = 1 + i. Calculate the remainder when j is divided by 5.
3
Let a = 13 + -6. Let l = a + 9. Calculate the remainder when 30 is divided by l.
14
Suppose c + 13 - 25 = 0. What is the remainder when 33 is divided by c?
9
Let t = -8 + 12. Let g(q) = 3*q**2 - 5*q + 2. Let i be g(t). Suppose 3*m = 27 + i. Calculate the remainder when 56 is divided by m.
18
Calculate the remainder when 17 is divided by 3/(3 - (-27)/(-10)).
7
Let n = -8 + 14. Let x(r) = r**2 - 3*r - 3. What is the remainder when 44/(-1 + 0 + 2) is divided by x(n)?
14
Let h(r) = -r**2 - 25*r - 33. Suppose 0 = v - 4*c - 5, 26 = -4*v - 2*c + 100. Suppose -3*z - v = -4*z. Calculate the remainder when h(-22) is divided by z.
16
What is the remainder when 17 is divided by 104/18 + 4/18?
5
Let y = 32 - 14. Suppose -m + 6 = m + 5*r, m = 5*r + y. Suppose -2*j + 4*l + 126 = m*l, 0 = 4*j - 4*l - 204. What is the remainder when j is divided by 19?
17
Let c be 3 - 1 - 2 - 28. Let p be 28/6*(-72)/c. Suppose 3*h - 12 = p. What is the remainder when h is divided by 5?
3
Let s(b) = -b**3 - 5*b**2 + 5*b + 9. Let j be s(-6). Suppose 4*g - 3*g - j = 0. What is the remainder when 59 is divided by g?
14
Let h = -33 + 40. Calculate the remainder when 17 is divided by h.
3
Suppose 2*o + 5*z - 18 = 0, 0*z + 12 = 4*o - 2*z. What is the remainder when 16 is divided by o?
0
Let c(r) = r + 39. Calculate the remainder when c(0) is divided by 10.
9
Let j = 12 - 6. Let q = -13 + 18. Let y(u) = u**2 - 5*u + 4. Calculate the remainder when j is divided by y(q).
2
Let z(m) be the second derivative of -m**3/6 - m**2/2 - 2*m. What is the remainder when z(-5) is divided by 4?
0
Let r(m) = m**3 + 6*m**2 - 2*m - 3. What is the remainder when 89 is divided by r(-6)?
8
Suppose 0 = 4*d + 2*n + 2*n - 116, 139 = 5*d - n. Suppose d = -5*f + 88. What is the remainder when f is divided by 40/6 - 3/(-9)?
5
Let h be 17/3 + 2/(-3). Suppose h*b + 2*d = -421, -d + 6*d + 160 = -2*b. Let v = -60 - b. What is the remainder when v is divided by 9?
7
Let a(b) = -b**2 + b + 2. Let s be a(-2). Calculate the remainder when 13 is divided by 0 + -1 + (-36)/s.
5
Let s = 4 + -4. Suppose -3*i + b + 81 = s, 5*i - 135 = -0*i + 2*b. What is the remainder when i is divided by 14?
13
Suppose -2*w + 4*w = -2. Let u = w - -6. Calculate the remainder when 19 is divided by u.
4
Suppose k + 2*x = -3, 3*k - x - 8 - 4 = 0. Suppose k + 2 = 5*f. Let p = f + 9. Calculate the remainder when 18 is divided by p.
8
Suppose 6*d = 4*d + 34. Suppose d + 3 = 4*r. Let i = 15 + r. What is the remainder when 38 is divided by i?
18
Suppose 2*q + 44 = 3*r + 2*r, -r + 4*q + 16 = 0. Calculate the remainder when 60 is divided by r.
4
Suppose -3*z + 3*x = -24, -3*z = 4*x - 2 - 1. Calculate the remainder when 24 is divided by z.
4
Suppose z - 220 = -4*q + 7, -4*z + 212 = 4*q. Suppose 0 = -5*h + 273 - q. Let p = -22 + 37. Calculate the remainder when h is divided by p.
13
Suppose x - 181 = -4*b, -3*b = x - 3*x - 133. What is the remainder when b is divided by 12?
9
Let y(a) = -a**3 - 4*a**2 - 7. Suppose 219 = 3*o - 3*f, 0 = 2*o - 2*f + 6*f - 128. Calculate the remainder when o is divided by y(-5).
16
Let z(c) = 0*c**2 - 7*c**2 - 4*c**3 + 3*c**3 + 2 + 7*c. Calculate the remainder when 18 is divided by z(-8).
8
Let p = -15 + 27. What is the remainder when 21 is divided by p?
9
Let j = 511 - 258. What is the remainder when 27 is divided by 10/85 + j/17?
12
Let n(m) = -6*m - 7*m - 4 + 8*m. Let z = 5 - 11. Calculate the remainder when n(z) is divided by 14.
12
Let v(k) = -k**2 - 6*k - 7. What is the remainder when v(-3) is divided by 1?
0
Suppose 6*l = 2*l + 2*f + 150, 114 = 3*l - 2*f. Calculate the remainder when l is divided by 10.
6
Let l = 19 - 10. What is the remainder when 32 is divided by l?
5
Suppose -i - v + 11 = -5, 16 = 4*v. Suppose -5*u - w = 10, -5*w + i - 2 = 5*u. Calculate the remainder when 14 is divided by 3/((-3)/12*u).
2
Suppose 9*a = 4*a + 260. What is the remainder when a is divided by 18?
16
Suppose -3*k + 4*o = -155, -3*k + 7*k = 4*o + 200. Suppose 0*i = 3*i - k. What is the remainder when 490/i - (-4)/(-6) is divided by 17?
15
Let b(r) = -r**3 + 3*r - 1. Suppose 4*l + 0*l = 48. Let z = 21 - l. Calculate the remainder when b(-3) is divided by z.
8
Let k = 0 + 3. Let q = 2 + k. Let g = 45 - 26. What is the remainder when g is divided by q?
4
Suppose 18*m = 15*m + 156. What is the remainder when 102 is divided by m?
50
Suppose -10*b + 8*b = -182. Calculate the remainder when b is divided by 23.
22
Suppose 3*t = -2*t + 2*i + 14, -4*t + 1 = -5*i. What is the remainder when 12 is divided by t?
0
Let c = -254 + -166. Calculate the remainder when 3/(-12) - c/16 is divided by 14.
12
Let n = -22 + 37. What is the remainder when 40 is divided by n?
10
Suppose 5*m + 34 = 154. Suppose 3*z = 520 - 136. Suppose -2*y + 4*b + z = 0, 0 = 3*b + 4 - 13. Calculate the remainder when y is divided by m.
22
Let j(v) = -2*v. Let l be j(-1). Suppose 0 = l*u + 3*u - 95. Let x = u - 9. What is the remainder when 18 is divided by x?
8
Let v be 12/(-42) - 1362/(-1